 divided by 54/g + (-4)/(-14).
5
Suppose 0 = 5*z - 0*z - 4*m - 55, 3*z = 2*m + 33. Suppose o - 4*g = 24 + 4, 5*g = -5*o + 40. Calculate the remainder when o*((-10)/4)/(-1) is divided by z.
8
Suppose g = -3*i + 702 - 103, -g + 1001 = 5*i. Suppose 5*r = -a + 397, i = 4*r - 4*a - 107. What is the remainder when r is divided by 27?
25
Suppose -v + 0*v + 4 = 0. Suppose -4*h + v*a = -h - 62, 4*h - 76 = 4*a. What is the remainder when h is divided by 8?
6
Let m = 309 + -299. Calculate the remainder when 126 is divided by m.
6
Suppose d + 8 = 3*z, -z - d = -3*z + 6. Calculate the remainder when 22 is divided by z.
0
Let s(g) = -g**3 + 39*g**2 - 71*g - 72. What is the remainder when 47 is divided by s(37)?
8
Let g(k) = k + 2*k - 4*k. Calculate the remainder when 630/75 - 2/5 - (-32 + 35) is divided by g(-1).
0
Let x = 33 + 27. Calculate the remainder when 234 is divided by x.
54
Let m(n) = -n**3 + 8*n**2 - 4*n - 5. What is the remainder when 22 is divided by m(2)?
0
Let k(n) = n**3 - 11*n**2 + 8*n + 52. Let q be (-24)/(-2) - (3 + -2). What is the remainder when k(10) is divided by (2 + (-1 - 0))*q?
10
Let u = -2 - -1. Let h = 4 + u. Suppose -5*c = -h*s - 59, 1 - 74 = -5*c - 4*s. What is the remainder when 38 is divided by c?
12
Suppose -15*w = -11*w. Suppose 0 = 5*h - a - 74, -5*h - 2*a + 62 + 15 = w. What is the remainder when h is divided by 6?
3
Let p(h) = 0 + 4*h**2 + 5*h - 2 + 8 - 3*h. Let l be p(3). Suppose -a - 3*a + l = 0. What is the remainder when 35 is divided by a?
11
What is the remainder when 161 is divided by 66 - ((-16)/(-4) + (-6 - 0))?
25
Let y(q) = 5*q**2 - q - 1. What is the remainder when y(-3) is divided by 14 - (-8)/(-14)*133/38?
11
Suppose 0*t - 3*t = 3, 3*t + 138 = 3*o. Let x = -18 + 30. What is the remainder when o is divided by x?
9
Let u = -10 - -26. Let w = -943 - -989. What is the remainder when w is divided by u?
14
Suppose -5*a + 2*j = 96 - 865, 0 = 5*j + 10. What is the remainder when a is divided by 22?
21
Let a = -1704 + 1881. What is the remainder when a is divided by 88?
1
Suppose 3*j - 100 - 41 = 0. Suppose 2*v + x - j = v, 2*x = 0. Calculate the remainder when v is divided by 16.
15
Let a(p) = -p + 17. Let m be a(14). Suppose -4*y = m*c + 10, -2*c = c - 3*y - 18. What is the remainder when ((-20)/8)/(c/(-44)) is divided by 14?
13
Let t be 0/(-2 - (12/(-3))/(-4)). Suppose 3*y + l - 2*l - 1 = t, 1 = 5*y - 2*l. What is the remainder when 1 is divided by y?
0
Suppose -50 + 6 = 4*x. Let i be (-6)/3*(-1 + x). Suppose 5*k - 45 = -4*f + 7, f - i = -4*k. What is the remainder when 28 is divided by f?
4
Let q = -102 + 304. Calculate the remainder when q is divided by 12.
10
Suppose -2*q - 4*h = 2*q - 60, -3*q - h = -47. Calculate the remainder when ((-20)/q)/((-8)/512) is divided by 9.
8
Suppose 0 = -3*c - 9, 9 = -4*b + c + 48. Calculate the remainder when b is divided by 3.
0
Calculate the remainder when 10/(-2)*(-1672)/20 is divided by 7.
5
Let g = 422 - 411. Calculate the remainder when 306 is divided by g.
9
Suppose -42 = -2*a - 0*t - t, -a + 14 = 4*t. What is the remainder when a is divided by (-4*(-2)/6)/((7 - 30)/(-207))?
10
Suppose 0 = 5*x + k + 4, -2*x + 3*k + 12 = 2*x. Calculate the remainder when 525/5 + 2 + x is divided by 18.
17
Let q = -147 - -145. Suppose 2*l + 61 = 3*l. What is the remainder when l is divided by q - (-64)/36 - (-438)/27?
13
Suppose 84 = 8*u - 2*u. Suppose v = 40 - u. Let q(y) = 3*y + 1. What is the remainder when v is divided by q(2)?
5
Suppose -328 = -4*n - 4*d, -n + 86 = 8*d - 6*d. Calculate the remainder when n is divided by 8.
6
Let y(k) = -3*k**3 - 12*k**2 - 7*k + 16. What is the remainder when y(-5) is divided by 26?
22
Let v = 6 - -125. Let f = 857 + -835. Calculate the remainder when v is divided by f.
21
Suppose 3*g - 30 = -4*m + 2*m, 3*g + m = 33. Let k = -12 + g. Suppose 5*c + k*p - 275 = 5*p, -5*c + 275 = -4*p. Calculate the remainder when c is divided by 14.
13
Suppose 0 = 46*a - 33676 + 11412. Calculate the remainder when a is divided by 29.
20
Suppose 4*l + 2*u + 12 = 0, 8*u - 10*u - 8 = 3*l. Let m = 34 + l. What is the remainder when 58 is divided by m?
28
Suppose 2*q - 7*q - 2*z = -5, 0 = -4*q + 4*z + 4. Let n = -376 - -370. What is the remainder when 53 - n/2 - q is divided by 19?
17
Suppose 5*u - 11 - 4 = 0. Suppose -u*j - m - 2*m = -66, -4*j - m = -103. Suppose 8*x + 179 = 291. Calculate the remainder when j is divided by x.
13
Suppose 0 = -5*l + 2*b + 265, -6*b - 229 = -4*l - b. What is the remainder when l is divided by 13?
12
Let t(w) = 5*w. Let h(b) = -2*b**3 - 2*b**2 - b. Let g be h(-1). What is the remainder when (304/24)/(28/42) is divided by t(g)?
4
Let f(i) = 23*i - 185. Calculate the remainder when 133 is divided by f(10).
43
Suppose -2*b + 45 = 3*b. Suppose -22*s = 10 - 54. Calculate the remainder when b is divided by s.
1
Suppose 0 = 5*j + 3*y - 166, -2*y - 4 = -4*y. Let v = -13 + j. Calculate the remainder when v is divided by 10.
9
Suppose -5*z = -2*a + 99, -3*z + 219 - 49 = 5*a. Suppose 5*m + h - 716 = 0, -2*m - 95 = 5*h - 386. What is the remainder when m is divided by a?
32
Let h(u) = u**3 - 3*u**2 + 3*u - 2. Let m be h(2). Let k(g) = 4 + 2*g + g - 2*g + m*g. What is the remainder when 22 is divided by k(4)?
6
Let r(w) = w**3 + 6*w**2 - w - 5. Let m be r(-6). Let x(o) = -2 + 4*o + 14*o - 6*o. Calculate the remainder when 29 is divided by x(m).
9
Suppose 7 = 3*t + 2*z, -13 = -3*t - 24*z + 19*z. Suppose 0 = 5*i + 12 + 3. What is the remainder when t is divided by i/(-9) - (-4)/6?
0
Let o = -150 + 221. Suppose f - 3*k = 2*f - 8, -o = -2*f + 5*k. Let h = f - -19. What is the remainder when h is divided by 11?
9
Suppose -4*j + 2*j = 5*z - 156, -z + 27 = -j. What is the remainder when z is divided by 18?
12
Let i(w) = w**3 + 3*w**2 + 17*w + 33. Let u(s) = 14*s**2 + s. What is the remainder when u(3) is divided by i(0)?
30
Let a(v) = -5*v**2 + 4*v - 9. Let c(i) = -6*i**2 + 5*i - 9. Let z(u) = -7*a(u) + 6*c(u). Calculate the remainder when 31 is divided by z(0).
4
Let o be 0*(3 - 7/2). Suppose c + o*c - 114 = -3*f, 4*f - 152 = 5*c. Suppose 2 = j - 0, -24 = -v - 5*j. What is the remainder when f is divided by v?
10
Let f = -12 - -28. Suppose -26 = -2*j + f. Calculate the remainder when j is divided by 6.
3
Let b(f) be the second derivative of -2*f**3/3 + 14*f**2 + 27*f. What is the remainder when b(5) is divided by 4?
0
Let m(y) = -6*y - 13. Let r(z) = -z**3 + 6*z**2 + 9*z - 10. What is the remainder when m(-3) is divided by r(7)?
1
Let j = -29 + 60. Suppose 4 = -g + j. Suppose -v = -4 - 3. What is the remainder when g is divided by v?
6
Let n(v) = -3*v + 25. Let c be n(17). Let q = 85 + c. What is the remainder when q is divided by 16?
11
Let s(v) = 11*v**3 - 5*v**2 + 1. What is the remainder when 46 is divided by s(1)?
4
Suppose 5*i = -5*p + 80, -7*i = 2*p - 4*i - 33. Calculate the remainder when 2/2 + (p - (3 - -2)) is divided by 10.
1
Suppose -3*q + 34 = 148. Let h = 66 + q. Calculate the remainder when h is divided by 5.
3
Let p(y) = 3*y**2 - 27*y - 18. Let x = -20 - -53. Calculate the remainder when x is divided by p(10).
9
Suppose 0 = 2*k - t - 4, -33 + 1 = -3*k - 5*t. What is the remainder when 153 is divided by k?
1
Suppose -3*k = -2*y - 33, 3*k = 5*y - 8 + 41. Let l = 2 - -17. Calculate the remainder when l is divided by k.
8
Calculate the remainder when 36322/104 + (-1)/4 is divided by 13.
11
Suppose 2*n + 16 = 4*t, 2*t - t - 4*n - 18 = 0. What is the remainder when -44*t/(-6)*3 is divided by 5*16/20 + -1 - -20?
21
Suppose -5*y = -3 - 12. Let g(j) = j**3 - 2*j**2 + j + 12. Suppose 0*o = 3*o. Calculate the remainder when g(o) is divided by y.
0
Let u(k) = 23*k**3 - 3*k**2 - 3*k + 12. Calculate the remainder when u(2) is divided by 5.
3
Suppose 3*t - 1275 = 3*w, 1698 = 4*t - 8*w + 3*w. Suppose 11*s - t = -75. What is the remainder when 94 is divided by s?
30
Let x = -452 - -500. What is the remainder when x is divided by 27?
21
Suppose 0 = -6*g + 105 + 69. Let a = 26 + g. Calculate the remainder when 109 is divided by a.
54
Let r(x) = 5*x**3 - 3*x**2 + 3*x - 3. Let h be r(2). Suppose -2*g + 9 + h = 0. Calculate the remainder when 37 is divided by g.
17
Let y = -25 - -18. Let j = 48 + y. Calculate the remainder when j is divided by 11.
8
Suppose 4*v +